 Is f composite?
True
Let i be (-25)/20 + (-6)/8. Let w(q) = -589*q**3 + 3*q**2 + 5*q + 7. Is w(i) composite?
False
Let t(p) = 11*p**3 - 27*p**2 + 14*p - 171. Is t(20) composite?
True
Is (126862/6 - 4) + 16/(-24) prime?
True
Let g(b) = 3377*b**3 + 4*b**2 - 216*b + 620. Is g(3) a prime number?
False
Suppose -4*y = -3*k - 5*y + 17725, 5*k = 5*y + 29535. Suppose 1597 = -9*x + k. Is x a composite number?
False
Let a = -1026295 - -1969818. Is a composite?
True
Let r(b) = -80*b**3 + 12*b**2 - 19*b + 15. Let a(d) = -79*d**3 + 11*d**2 - 18*d + 15. Let l(i) = -4*a(i) + 3*r(i). Is l(4) composite?
True
Let t(c) = -29672*c + 329. Is t(-6) a composite number?
False
Suppose 5*k + 0*k + 28 = -3*l, -k - 2*l = 0. Is 5*k/8 + 2726 a composite number?
True
Is (-64200398)/85*(-35)/14 prime?
True
Is ((-2768537)/309)/(2/(-318)) a prime number?
False
Let r(a) = 100*a**3 - 2*a**2 + 17*a + 96. Let b be r(-5). Let v = 20328 + b. Is v a prime number?
True
Suppose 3*b - 2*n - 6486 = 0, 5*b + n = 2*n + 10810. Let a = b - 1538. Suppose -4*c + 6*w - 2*w = -a, 3*c = 2*w + 473. Is c a composite number?
True
Suppose -2937 = 6*j + 2775. Let n = 340 + j. Let p = 1325 + n. Is p prime?
False
Suppose -2*c = 4, 2*z - 3*c - 9 = 5. Let l(t) = z + t**2 - 17 + 14*t + 4 - 10. Is l(24) a prime number?
False
Let g = -634399 + 940220. Is g composite?
False
Suppose -7*o + 16*o - 7326 = 0. Let l be o + 25/(-10)*6/(-5). Let u = 1458 - l. Is u a prime number?
True
Let q = 345 - 343. Suppose 2*s + 2012 = q*n - 0*n, -3006 = -3*n - s. Is n prime?
False
Let y = -43 + 23. Let k(c) = c**2 - 8*c + 17. Let m be k(y). Suppose 3*f + 148 - m = 0. Is f a composite number?
True
Let k be -7 + 1556/(28/7). Suppose k = -102*a + 103*a. Is a prime?
False
Let c(t) = 1239*t**2 - t + 70. Let q be c(-8). Suppose 0 = -29*f + 23*f + q. Is f a composite number?
False
Let o = 52 + -50. Suppose -o*d + c = -2, 5*d - 3*c = -5*c + 14. Is 2289 - (d + -2) - 2 a composite number?
False
Suppose 70*y + 211*y - 8089709 = 0. Is y prime?
True
Suppose -l - 181*y + 185*y + 62341 = 0, 0 = -2*l - 4*y + 124718. Is l composite?
True
Let a(s) = 2696*s - 52. Let v be a(4). Suppose 0 = -4*k + v + 64576. Is k prime?
False
Suppose -2*a + 260098 = 2*q, 4*q = 4*a + 295764 + 224384. Is q a prime number?
True
Let f be 6/(4 + (1 - 2)). Suppose 15744 = f*d - 1956. Suppose 0 = 13*h - 25256 + d. Is h a prime number?
False
Suppose -4*c - c + 4*o = -2605, -2*o = 4*c - 2084. Let z = 8616 - c. Is z composite?
True
Suppose 4*m - 655811 - 580548 = -5*v, 0 = 3*v - m - 741812. Suppose -43851 = -26*q + v. Is q a prime number?
True
Suppose m = 4*m + 2*h + 22, -4*m - 30 = 2*h. Let j be (-2)/((-6)/(-3))*m. Suppose -1240 = j*y - 6512. Is y composite?
False
Let c be 6*(524/8 + 1). Let g = c + 1102. Let r = g + -714. Is r a prime number?
True
Let g(p) = -4*p**3 + 35*p**2 - 2*p - 24. Is g(-25) a composite number?
False
Let y(n) = n**3 + 6*n**2 - 3*n - 14. Let l be y(-6). Suppose 4*h - 40444 = -l*x, 5*x - 12273 = 2*h + 38282. Is x composite?
False
Let g be (-282)/517 + 882811/11. Suppose -16*f + 23*f = g. Is f a composite number?
True
Let n(m) = -72*m**3 - 33*m**2 + 15*m - 29. Is n(-10) composite?
False
Let j be (19 - 18)/(2/(-76)). Let m = j - -48. Is (m/(-40))/(1/(-212)) composite?
False
Suppose -277*z = -310*z + 11946561. Is z composite?
True
Let q = 47 + -33. Suppose -q*g - 927 = -17*g. Let a = -198 + g. Is a prime?
False
Suppose 20*s - 107*s = 684667 - 3182524. Is s a prime number?
True
Suppose 2*j = 0, -3*w + 8 - 2 = 3*j. Suppose 2*h + s = 5*h - 1224, w*h - 805 = -3*s. Is h composite?
True
Let d = -6 + 1. Let p(w) = 1 + w**3 + 0*w**3 + 10*w**2 + 42*w - 45*w. Is p(d) composite?
True
Let m(l) = 295*l**3 + 10*l**2 - 20*l - 31. Is m(6) composite?
False
Suppose 22*z - 12*b = 18*z + 215108, z = 5*b + 53781. Is z a prime number?
False
Suppose -3*i = 2*u + u - 294, 0 = 5*u - 3*i - 482. Let o(s) = 8 + 127*s + u*s - 31 - 8*s. Is o(4) prime?
False
Let n(u) = -2*u**3 + 8*u**2 + 4*u + 37. Let q be n(8). Let d = q - -736. Is d a composite number?
False
Let i(j) = -21524*j + 1907. Is i(-19) prime?
False
Let n(x) be the third derivative of 0 + 21*x**2 - 47/3*x**4 + 0*x + 1/2*x**3. Is n(-1) a composite number?
False
Suppose -17*w + 425715 + 1211283 = 0. Suppose 16*n = 22*n - w. Is n a composite number?
True
Is (196744/(-36))/(28/(-126)) a prime number?
True
Let c = 2 - 1. Let p(n) = -20*n - 199. Let i be p(-10). Is i/1*(c + 54) a prime number?
False
Is -2*((-437)/(-19) + -147160) composite?
True
Is 60/105 + ((-3)/21*-2223931 - -2) a prime number?
False
Let p(h) = -12*h**3 - 8*h**2 - 6*h - 7. Suppose -5*n = -j - 23, 0*j = -2*j + 5*n - 26. Let g(z) = z**2 + 7*z + 6. Let d be g(j). Is p(d) prime?
True
Suppose 0 = 2*n - 4*a - 32700 - 33400, 0 = -4*n - a + 132182. Suppose -3*u = -5*b - n, 5*u + b = 5*b + 55081. Is u prime?
False
Suppose -9*u + 103 - 49 = 0. Is u/(-45) + 417021/45 a composite number?
True
Let y(j) be the third derivative of 209*j**4/8 + 23*j**3/3 - 3*j**2 - 20*j. Is y(5) a composite number?
False
Let k(i) = -i**3 - 8*i**2 - 8*i + 4. Let r = 290 - 299. Is k(r) a prime number?
True
Let f(w) = 38*w**2 + 16*w - 7. Let h = 107 + -109. Let r be (45/25)/(h/10). Is f(r) prime?
True
Let w = 35272 + -8813. Is w composite?
False
Is 3/(2 - 1) - (-51)/(51/288104) composite?
True
Let t(h) = 1671*h - 1104. Is t(5) a composite number?
True
Suppose 0 = -54*m + 486335 - 104609. Is m prime?
True
Suppose -5*d = -83*d - 5940094 + 18372436. Is d a composite number?
False
Let y be (36/10)/9 + 26/10. Suppose 4*k = -n + 2305, 4*n + y*k = 10202 - 930. Is n composite?
True
Let w be 66/4*12/9. Let a be 4/w + 38160/176. Suppose f - a = 4*k, -3*f - f + 842 = -3*k. Is f a composite number?
True
Suppose -7*f - 129 = -310915. Suppose -17*b + f = -247169. Is b composite?
True
Is 4/((-64)/5952948)*5*(-36)/135 composite?
False
Let n(a) = 58*a**2 + 26*a + 27. Suppose 0 = -47*l + 36*l + 121. Is n(l) prime?
True
Suppose -6*q + 72730 + 543424 = -298540. Is q a prime number?
False
Let j = -26243 + 49662. Is j composite?
True
Let a = -3209 - 2382. Let r = a - -8310. Is r a prime number?
True
Let m be (-3)/((165/(-140))/11). Let f(q) = -q**3 + 31*q**2 - 16*q - 25. Is f(m) composite?
False
Let o be ((-8)/(-7))/(264/(-42) - -6). Is -5*o/(-80)*-23924 a prime number?
True
Suppose -2*k - 14787 - 3328 = -j, -4*j = k + 9035. Let z = -3886 - k. Is z a composite number?
True
Let x(u) = -178*u**3 - 7*u**2 - 119*u - 21. Is x(-10) prime?
True
Suppose 11*g - 7*g = 12. Suppose g*f = -3*z + 26199, -3*f + 26187 = 6*z - 9*z. Is f a prime number?
True
Suppose -15*x - 1264372 + 4728652 = 0. Suppose -x = -11*u + 3*u. Is u a composite number?
True
Suppose 3*y + 5*q = 442506, -3*y - 3*q + 423948 + 18558 = 0. Is y a prime number?
False
Let w(k) = k**3 + 7*k**2 + 10*k - 5. Let d be w(-3). Is ((-30)/6)/d - -11571 a prime number?
False
Suppose 2*h + 1680866 = 2*g, -5*g - 227*h + 226*h = -4202201. Is g a prime number?
True
Let b = -171 - -183. Suppose 0 = 7*t - b*t + 43370. Is t a composite number?
True
Let f be (11 - 4) + -9 - -7*1. Let p(n) be the second derivative of n**4/4 + 3*n**3/2 + 7*n**2/2 - 15*n. Is p(f) composite?
False
Let l(i) be the second derivative of 0 + 17/6*i**3 + 6*i**2 - 14*i. Is l(5) composite?
False
Suppose 0 = -3*k - 3*k + 6. Let g be -16 - -4099 - (-1 - 2/k). Suppose g - 50 = 4*x. Is x a prime number?
True
Let s = 28311 - 1281. Let i = s + -14188. Is i a composite number?
True
Suppose -4*g + 10468 + 10048 = f, 5*f = 5*g + 102705. Suppose -4*b - 2*z + 20508 = 0, -9*z = -4*b - 4*z + f. Is b prime?
False
Let k = 233 + -146. Let y = k - 85. Is 10/(-4)*((-31308)/15)/y a prime number?
True
Let m = 200936 + -346501. Let k be (-2)/6 - (m/(-15))/(-7). Suppose -k + 371 = -5*n. Is n composite?
True
Let m = -231 - -231. Let h(d) = -3*d**2 - 3*d + 4409. Is h(m) a prime number?
True
Is 4 + (13 - 30) + 55506 prime?
False
Suppose 44*o - 46*o + 760 = 0. Suppose -7*n + 2*n = g - 60, 5*g = -5*n + o. Let b = g - -171. Is b prime?
True
Suppose 0 = -0*w - 2*w + i + 25, 34 = 3*w - 5*i. Suppose 0 = 7*q - w*q + q. Suppose q*z + 3*z - 921 = 0. Is z prime?
True
Let q(m) = -4*m**3 + 18*m**2 - 14*m - 1. Suppose -4*r - 84 = 2*l, -5*r + 27*l - 24*l = 83. Is q(r) composite?
True
Let f = 16540 - 1502. Suppose 6797 = 11*v - f. Suppose 0 = 3